of a.
3, 5, 173
What are the prime factors of ((-54)/12 - -2)/(1/(-330))?
3, 5, 11
Suppose 4*d - 3*d + 15 = w, -5*w + d + 91 = 0. Let t = 17 - w. What are the prime factors of (-42)/t*48/36?
2, 7
Let o = 1 + 2. Suppose 0 = -o*k + 24 + 270. Suppose c = 5*p + 46, -c = 2*c - 5*p - k. What are the prime factors of c?
2, 13
Let p(v) = -111*v - 3. Let u be p(1). Let j = u + 190. List the prime factors of j.
2, 19
Let y = 214 + 373. What are the prime factors of y?
587
Let g = -23 + 43. Let o = g - 17. List the prime factors of o + -3 - (-1 - 30).
31
Suppose 14*i = 17*i + 438. Let c = -91 - i. What are the prime factors of c?
5, 11
Let m = -191 + -10. Let y = m - -286. List the prime factors of y.
5, 17
Let v(z) = -z**3 + z**2 - 11*z + 2. What are the prime factors of v(-7)?
3, 157
Let i(w) be the first derivative of w**2/2 + 58*w + 34. List the prime factors of i(-23).
5, 7
List the prime factors of 2116/2 - ((-60)/(-2))/(-5).
2, 7, 19
Suppose -9*n + 678 = -8*n. What are the prime factors of n?
2, 3, 113
Let w be (139 - -3 - 4) + 3. Suppose w = -6*c + 753. What are the prime factors of c?
2, 3, 17
Suppose -7 - 3 = 2*p. Let v(q) = -10*q - 11. Let a be v(p). Let y = -11 + a. What are the prime factors of y?
2, 7
Let l = 625 - 8. List the prime factors of l.
617
Let f(h) = -41*h + 929. What are the prime factors of f(-18)?
1667
Suppose -29 = 9*k + 88. Let g(i) be the first derivative of -2*i**2 - 11*i + 2. What are the prime factors of g(k)?
41
Let o = 55 + 73. Let s = o - 77. What are the prime factors of s?
3, 17
Let t be -2*(4 - 21/2). Let a = 53 + t. What are the prime factors of a?
2, 3, 11
Suppose -5*z = 3*n - 2165, 0 = -2*n - 0*n. Let b = z + -242. What are the prime factors of b?
191
List the prime factors of (-3)/4 - 199615/(-260).
13, 59
Let r = 56 - 69. Suppose 2*f = -8, -2*j - 53 = 2*f - 7. Let q = r - j. List the prime factors of q.
2, 3
Let z(x) = x - 6. Let p be z(6). Suppose r - 4*r = p. Suppose r = 4*a - 23 - 5. List the prime factors of a.
7
Let y = -42 - -92. Let v = -44 + y. List the prime factors of v.
2, 3
Suppose 0 = 5*j + 5, -2*z + 1381 = -6*j + j. Suppose -u - 510 = -4*u - 5*b, 4*u + 4*b = z. What are the prime factors of u?
5, 7
Suppose 3*z + 953 + 913 = 5*d, 0 = -2*d - z + 742. What are the prime factors of d?
2, 3, 31
Suppose 5*l = 4*l. Suppose -x + l = 2, 4*x - 77 = 5*m. List the prime factors of (-950)/m - 6/(-51).
2, 7
Suppose 0 = 4*a - 3*s - 629, -a + 3*a - s - 315 = 0. List the prime factors of a.
2, 79
Let n(p) be the second derivative of -p**4/12 + 2*p**3 - 5*p**2/2 + 17*p. What are the prime factors of n(6)?
31
Suppose 5*b - 12272 = q, 2*b - 307 = 3*q + 4607. List the prime factors of b.
2, 3, 409
Let k = 32 - 29. List the prime factors of 2250/27 + (-1)/k.
83
Suppose 13 = a + 3*m, -2*a - 2*m + 6 = -0*a. Let n = a - -1. Let c = 10 + n. What are the prime factors of c?
3
Let f(y) = 81*y**2 + 4*y - 3. What are the prime factors of f(3)?
2, 3, 41
Let c = -461 - -533. List the prime factors of c.
2, 3
Suppose 144*q + 88396 = 193*q. List the prime factors of q.
2, 11, 41
Suppose -21*t = -7*t - 182. Suppose 0 = -0*q - 3*q + 96. Suppose 2*k - t = -j, 4*k - 1 = j - q. What are the prime factors of j?
19
Suppose -6*q = -4*q - 364. What are the prime factors of q?
2, 7, 13
Let q(l) = -8*l - 19*l**2 - 41 - l**3 + 3*l**3 - l**3. What are the prime factors of q(20)?
199
Let x be 107052/55 + ((-4)/5)/2. Suppose 8*q = x + 198. What are the prime factors of q?
2, 67
Let m be (-9)/2*((-16)/(-12))/(-2). List the prime factors of (m + -4)/(1/(-134)*1).
2, 67
Suppose 0 = -3*i + 62 + 178. Suppose -3*g + 31 + i = 0. List the prime factors of g.
37
Let z be -60 - (0/(-2) - (-4 - -6)). Let h = 89 + z. List the prime factors of h.
31
Let w(i) be the second derivative of 3*i**5/4 - i**4/2 + 2*i**3/3 + 2*i**2 - 31*i. What are the prime factors of w(2)?
2, 3
Suppose -52*u - 10944 = -60*u. What are the prime factors of u?
2, 3, 19
Let q(b) = -269*b + 9. What are the prime factors of q(-3)?
2, 3, 17
Let v(z) = -z**2 + 10*z + 24. Let j be v(10). Let w = j - 32. What are the prime factors of 3402/49 + w/(-14)?
2, 5, 7
List the prime factors of (3 + 4902/9)/(47/141).
31, 53
Suppose 0 = -n - 2*g, 3*n = -4*g + g - 3. What are the prime factors of 822/(-15)*5/n?
137
Suppose -2808 = -6*r + r - 2*x, 2*r - 1126 = 2*x. What are the prime factors of r?
2, 281
Suppose 20 = -4*q, 2*c + 112 - 1559 = 3*q. What are the prime factors of c?
2, 179
Let j = 2614 - 1963. What are the prime factors of j?
3, 7, 31
What are the prime factors of (-1207)/(-5) + (28/5 - 5)?
2, 11
Let v = -486 + 720. Suppose 4*t - 22 = v. List the prime factors of t.
2
Let p = 1152 + -663. What are the prime factors of p?
3, 163
Let j(m) = -m**2 - m - 2. Let r be j(-5). Let f = r + 11. Let g = 35 - f. What are the prime factors of g?
2, 23
Let z be ((-149)/2)/(-2 - (-5)/2). Let d = 359 + z. List the prime factors of d.
2, 3, 5, 7
Suppose 3*r - 21 = -4*r. What are the prime factors of r/1*10/(-75)*-645?
2, 3, 43
List the prime factors of 1*301 + 40/(-8).
2, 37
Let c(s) = s**2 - 31*s - 89. What are the prime factors of c(-28)?
3, 521
Let o = -6581 + 11129. List the prime factors of o.
2, 3, 379
Let h(g) = -11*g + 1. Let a be h(2). Let f = a - -24. Suppose -43 - 104 = -f*z. List the prime factors of z.
7
Suppose 0*i + 5*i = 20. Suppose 2*p = -i*h + 162, -h + 230 = 4*h - 3*p. List the prime factors of h.
43
Let n(o) = o**3 - 10*o**2 + o - 14. Let u be 86/215 - (1 - (-116)/(-10)). What are the prime factors of n(u)?
2, 59
Let k be (-8)/(-4) + -1 + -4. List the prime factors of (544/12)/(-8)*k.
17
Suppose 0 = -119*k + 134*k - 55485. What are the prime factors of k?
3, 137
Let p = -39 - -342. Let c = p - 211. What are the prime factors of c?
2, 23
Let o = -11 - -12. Suppose -4*h + o = 3*y - 9*h, 4*h = 3*y - 2. Suppose 22 - 92 = -y*p. What are the prime factors of p?
5, 7
Let s be 3 - (3 - 2) - -3. Suppose -s*u + 0*u = -15. Suppose -55 + 16 = -u*q. List the prime factors of q.
13
Let h(i) = 12*i - 54. List the prime factors of h(36).
2, 3, 7
Let d(k) = -k**3 - 5*k**2 + 8*k + 14. Let c be d(-6). Suppose i + w - 22 = 0, -c*w - w - 12 = 0. What are the prime factors of (-4)/i - (-1260)/78?
2
Let t be -2 + 9/(9/218). Suppose 6*j - t = -0*j. Let x = 51 - j. What are the prime factors of x?
3, 5
Let v(n) = -10*n**2 + n + 1. Let b be v(-1). Suppose 5*s = c - 22, 3*c - 2*s - 140 = -35. Let z = c + b. List the prime factors of z.
3
Suppose -q + 2*q + 3 = 0, -4*q = 3*l - 42. Let o = l - 12. List the prime factors of (o - -3)/((-6)/(-32)).
2, 3
Suppose 5*x + j - 101 = 0, 35 = 3*x - 4*j - 21. Suppose -x - 25 = -r. What are the prime factors of r?
3, 5
List the prime factors of -7 + 36/5 + (-11319)/(-5).
2, 283
Let j = 976 + -83. What are the prime factors of j?
19, 47
Let v = -9 + 21. Let n = -22 - -42. Let a = n - v. List the prime factors of a.
2
Suppose -2*f = -6*f. Suppose h = -f*h - 3. Let o(t) = -2*t. What are the prime factors of o(h)?
2, 3
Let a(l) = 9*l + 6. Let j(r) = -r + 1. Let f(y) = a(y) + 2*j(y). Let s(o) = o**2 + o - 8. Let t be s(-4). What are the prime factors of f(t)?
2, 3
Let t = -68 + 97. Suppose 5*d + 55 = 2*i, 2*i - i = 5. Let c = t + d. List the prime factors of c.
2, 5
Suppose -2*t - 4*p + 1 = -1, 0 = 2*t + p - 8. Suppose -3*g + 2*l + 181 = -0*g, -302 = -t*g + 3*l. What are the prime factors of g?
61
Let z = 5 - -2. Suppose -y = 3*k - 129, -z*k = -4*k + 3. List the prime factors of y.
2, 3, 11
Let h(u) = -3*u**2 - u**3 - 4*u + 6*u - u**2 - 28 + 22. Let a(g) = -g**2 - g + 1. Let w be a(-3). What are the prime factors of h(w)?
3
Let w(h) = h**2 + 10*h + 3. Let j be w(-10). Suppose 89 + 13 = j*i. Suppose -i = -2*z - 3*y - y, -4*y = 8. List the prime factors of z.
3, 7
Let h(r) = -r**3 - 17*r**2 - 11*r + 38. List the prime factors of h(-17).
3, 5
Let b(l) = -3 + 5 - 2 - 27*l - 1. Suppose -4*j - 2*q = -0*j - 2, q - 7 = 4*j. List the prime factors of b(j).
2, 13
Let y = -119 + 380. What are the prime factors of y/2*20/30?
3, 29
Let z = -13 - -10. Let v be z - (-10 + (0 - -3)). Suppose -63 - 17 = -v*h. List the prime factors of h.
2, 5
Let w be (4/6)/(1/(-18)). Let b(k) = k**2 + 5*k + 1. Let f be b(-7). Let v = f + w. What are the prime factors of v?
3
What are the prime factors of (-3)/